t(v) - 3*u(v). Let z be o(2). Let l(j) = -2*j. What is l(z)?
10
Let v(i) be the third derivative of 0*i**4 + 0*i + 0 + 4*i**2 + 2/3*i**3 + 1/60*i**5. Calculate v(0).
4
Suppose -5*v + q - 2*q = 29, -9 = 2*v + 3*q. Let o(y) = -y**3 - 7*y**2 - 5*y - 6. Calculate o(v).
-12
Let b be 3/((-18)/(-10))*3. Let p(h) be the second derivative of -h**3/6 + h**2/2 - 2*h. Determine p(b).
-4
Let j(s) = -s - 2. Let u be j(-2). Let z be (u + 3)/(-3)*0. Let w(t) = -3 + t**3 - t + 3*t**3 - 5*t**3. What is w(z)?
-3
Let o(r) be the third derivative of -r**4/6 + r**2. Let j be (4/5)/((-4)/50). Let a be ((-4)/j)/(2/(-10)). Determine o(a).
8
Let j(f) = -f + 5. Let c be j(10). Let r(o) = -o - 1. What is r(c)?
4
Let i(h) = 9*h - 8. Let u(z) = -11*z + 9. Let c(l) = -5*i(l) - 4*u(l). Calculate c(-5).
9
Let z(q) = 2*q**2 + 2*q + 3. Let d(l) = -9*l**2 - 9*l - 12. Let c(x) = 5*d(x) + 21*z(x). Determine c(2).
-15
Let j(s) = -6*s + 11. Let a(m) = 3*m - 5. Let l(d) = 13*a(d) + 6*j(d). Let x(t) = -7*t - 2. Let o be x(0). Calculate l(o).
-5
Let d(i) = -4*i**2 + i + 6. Let n(m) = -5*m**2 + 6. Let b(t) = -6*d(t) + 5*n(t). What is b(-5)?
-1
Let p(o) = -o + 2. Let k(u) = -u + 3. Let s(f) = 4*k(f) - 3*p(f). Calculate s(0).
6
Let s(a) = -6*a + 1. Let p be (15/6 - 2)*0. Suppose -4*z + p = 8. Let r = z + 3. Determine s(r).
-5
Let f = 7 + -5. Let h be (-12 + f)*(-3)/(-6). Let u(m) = -m**3 - 5*m**2 + m + 6. What is u(h)?
1
Let z(x) be the first derivative of 3*x**2/2 + 4*x - 13. Let v be 1/(-2) + (-9)/2. Give z(v).
-11
Let r(t) = t**2 - 4*t + 2. Suppose 3*q = -i - 7, 10 = 2*i - 5*q - 9. Let h(u) = -u**2 + 6*u - 3. Let l be h(i). Determine r(l).
7
Let o(h) = -h**3 + 6*h**2 + 7*h + 4. Let r be o(7). Suppose -4*q - r = -3*q. Let l(a) = -a**3 - 4*a**2 - 5. Give l(q).
-5
Let r(y) be the third derivative of y**5/120 + y**4/24 - y**3/6 + 4*y**2. Let a(l) be the first derivative of r(l). Calculate a(5).
6
Let u(v) = v + 4 + 3 - 4. Let g = -526 + 522. Determine u(g).
-1
Let h(x) = -7*x**2 + 2*x - 1. Let y be h(1). Let d(u) = -u - 2. Calculate d(y).
4
Let z(m) = 3*m + 13. Let f be z(-5). Let g(a) = -56*a + 34. Let c(o) = -5*o + 3. Let h(u) = -68*c(u) + 6*g(u). What is h(f)?
-8
Suppose -3*h + 22 = -2*k, -3*k + 2*k = -h + 9. Suppose 0*f - 8 = -h*f. Let m(s) be the third derivative of -s**5/60 - s**4/12 + s**3/3 - s**2. Determine m(f).
-6
Let b(m) = -m**2 - 3*m + 4. Suppose 2*s = s + 17. Suppose t = 2*t. Suppose t = 5*z + w + s, -11 = z + 4*z - 2*w. Give b(z).
4
Let a(p) = 5*p**2 + p - 6. Let r(c) = 11*c**2 + c - 12. Let z(v) = 9*a(v) - 4*r(v). Determine z(-6).
0
Let a be 2*3/(-3) - 30. Let p be a/(-6) - (-3)/(-9). Let k = p + -7. Let l(u) = -4*u - 3. Determine l(k).
5
Let h(x) be the first derivative of x**4/4 + 2*x**3 + 3*x**2 + 5*x - 1. Let q be 5/(-4)*40/10. Determine h(q).
0
Suppose 3 = w + 8. Let d(a) = -a**3 - 4*a**2 + 5*a. What is d(w)?
0
Let r(x) = x**2 + 4*x + 3. Suppose 0 = -4*w + w + 42. Let j be 1/(-3) - w/3. Calculate r(j).
8
Let q(s) be the third derivative of s**5/60 - 3*s**4/8 + 7*s**3/6 + 5*s**2. Calculate q(7).
-7
Let b(a) be the first derivative of a**5/120 + a**4/8 + 2*a**3/3 - 2. Let s(n) be the third derivative of b(n). Let h be ((-8)/24)/(2/30). What is s(h)?
-2
Let j(r) = -2*r - 4. Suppose 12 = 2*d + 24. Determine j(d).
8
Let q(v) = 4 + 4 + 0 + 7*v - 5*v**2 - v**3. Let z be (2/(-4))/((-2)/(-24)). Let s be q(z). Let b(d) = -d**3 + 2*d**2 + d - 2. Calculate b(s).
0
Suppose -d = g + 4*d + 8, -4*g + 6 = d. Let q(a) = -a + 3. Calculate q(g).
1
Let o(l) be the first derivative of 1/20*l**5 - 1 - 1/8*l**4 + 0*l**3 - 3/2*l**2 + 0*l. Let b(m) be the second derivative of o(m). Calculate b(2).
6
Let u(d) be the second derivative of -d**4/12 + 2*d**3/3 + 5*d**2/2 - 23*d. Give u(5).
0
Let t = -56 + 56. Let m(q) = -q - 1. Let a(n) = 3. Let s(b) = a(b) + 6*m(b). Let z(p) = p + 1. Let l(v) = s(v) + 5*z(v). Give l(t).
2
Let m = -7 + 56. Suppose d + m = 3*y, -2*y + 26 = -d + 2*d. Let v = 21 - y. Let b(h) = -h**3 + 5*h**2 + 7*h - 9. Determine b(v).
-3
Let g(d) be the second derivative of d**5/60 + 7*d**4/24 + d**3 - d**2/2 - d. Let p(h) be the first derivative of g(h). Let u be 38/(-8) - 3/12. Determine p(u).
-4
Let n(s) be the second derivative of -s**3/2 - s**2 + 29*s. Determine n(2).
-8
Let a(t) be the first derivative of -1/3*t**3 - 3*t**2 - 3*t - 3. Determine a(-4).
5
Let t(u) = u**3 - u**2 - 6. Suppose i - 10 = 3*k, 2*k + 3*k + 3*i + 26 = 0. Let f = k - -7. Suppose 0*j + 15 = -f*j + 3*b, 5*b - 25 = -j. What is t(j)?
-6
Let g(q) be the second derivative of q**3/3 + 26*q. Calculate g(-4).
-8
Let g(z) = z**2 - 4*z - 1. Let a be (-2 + 5)/((-6)/(-10)). Let u be g(a). Let m(w) = -w + 6. Let r(n) = 3*n - 19. Let b(l) = -7*m(l) - 2*r(l). Give b(u).
0
Suppose 3*n = 2*n - 5. Let i(k) = 2*k - 1 + 0*k + 4. Calculate i(n).
-7
Let u(v) = 3*v**3 - 7*v**2 + 10*v + 1. Let n(g) = -7*g**3 + 13*g**2 - 21*g - 1. Let h(b) = 2*n(b) + 5*u(b). Give h(8).
3
Suppose -1 = c - 0*c. Let j(x) = 2*x**3 - 1. Give j(c).
-3
Let i(c) = -c**2 - 7*c - 4. Suppose 11 + 4 = -3*w. Determine i(w).
6
Let t(g) = -g**3 + 8*g**2 - 6. Let d = 48 - 40. What is t(d)?
-6
Let n(p) = p**2 - 3*p - 2. Let h be n(4). Let f be ((-1)/h)/1*0. Let d(y) = 7 - y - 5 + 6. Determine d(f).
8
Let v(p) = 41*p**3 + 3 - 75*p**3 - 10*p**2 + 33*p**3 + p. What is v(-10)?
-7
Let q(z) = -z**3 - 7*z**2 - z + 1. Let b = -19 + 12. Determine q(b).
8
Let w(y) = -5*y**3 - 53*y**2 + 4*y**3 + 3 + 4*y + 105*y**2 - 55*y**2. Let b(m) = -m**3 + 7*m**2 - 3*m - 8. Let s be b(6). Suppose -s = 4*z + 6. Determine w(z).
3
Suppose -3*c - 3*j - 3 = 0, -3*c - c + 5*j + 14 = 0. Suppose -4*u + 3*g + 6 = -0*u, 3*u - 4*g - c = 0. Let k(h) = -h - 3. Determine k(u).
-6
Let c be (-50)/4*(-20)/(-25). Let b(g) = g + 11. Let i be b(c). Let t(f) = -f + f**2 + f - f + 7*f**3 + 0*f**3. Give t(i).
7
Suppose 5*a + 11 = -2*m, 0 = m - 2*a + 1 - 9. Let n(z) = 1 - z - 1 - m*z**2. Suppose 2*j - 1 + 5 = 0. Determine n(j).
-6
Suppose 3*d = 3*t + 15, -3 + 5 = -t. Suppose -i - d*i + 3*g = 11, 5*i - 10 = -g. Let s(l) = -i + 0 + 7 - 2*l. Give s(5).
-4
Let h = -19 - -15. Let j(i) = -i**2 - 2*i - 3. Calculate j(h).
-11
Let o(q) be the first derivative of -2 + 3*q + 2*q**2 + 1/3*q**3. What is o(-2)?
-1
Let x(i) = -i**3 - 5*i**2 + 9*i + 10. Let f be x(-7). Suppose 0*g - 3*g - f = 0. Let b = g - -10. Let w(r) = -r - 3. Calculate w(b).
2
Let a(t) be the third derivative of -t**4/8 - t**3/6 + 21*t**2. Determine a(-3).
8
Let c(v) be the third derivative of -v**6/360 + v**5/20 - v**4/6 - v**3/3 - v**2. Let d(p) be the first derivative of c(p). What is d(5)?
1
Let d(m) = -2*m - 6. Let z be d(-6). Let i(w) be the third derivative of 1/120*w**z - 1/12*w**5 + 1/4*w**4 + 0 + 0*w - 5/6*w**3 - w**2. Give i(4).
3
Let d(h) = h**3 + 4*h**2 + 1. Let b = -14 - -16. Suppose b*s + k = -s - 12, -s = -5*k + 4. Give d(s).
1
Let g be (-1 - 4/(-12))*-3. Let n(c) = -2*c**2 + 4*c**2 - 2*c - 3*c**2. Determine n(g).
-8
Let o(h) = -h**2 - 3*h - 2. Let n = 57 - 63. Calculate o(n).
-20
Suppose 5 - 3 = -q. Let k(y) = y**2 + 3*y + 1. Determine k(q).
-1
Let c = 21 + -18. Let b(w) = 7*w + 1 - c*w - 5*w - 5*w**3 - w**2. Let y = -3 + 4. Determine b(y).
-6
Suppose h + 15 = 6*h. Let n(l) be the first derivative of -l**3/3 - l**2/2 + 2*l + 3. Determine n(h).
-10
Let c(q) = 1 + 5*q - 2*q - 6. Let z(p) = -1 - 8*p - 8 - p - p**2. Let m be z(-7). What is c(m)?
10
Suppose 13 = -c - 2*c + y, 0 = -4*c - 5*y + 8. Let w = c - -4. Let u(g) = -3*g - 7 + g**2 + 2 - w. What is u(5)?
4
Let z(l) = l - 4. Let s be z(7). Let h(f) = 0 - f + 2*f - s. Suppose -2*j - 28 = -2*k - 6*j, -j + 17 = 3*k. Give h(k).
1
Let p(d) = -5*d - 10 + 7 + 2 - d**2. Determine p(-4).
3
Let o(h) = -h**3 - 2*h**2 + 2*h - 3. Let r be 8*1/(-3)*3. Let m = r + 5. What is o(m)?
0
Let z(g) = -2*g - 2*g + 2*g**3 + 3 + 3*g**2 - 5 + g. Calculate z(-3).
-20
Suppose -3*x + 8*x = 10. Let u(o) be the first derivative of 1/3*o**3 + 1/2*o**2 - 2*o + x. Calculate u(-3).
4
Let t(b) = b + 2 + 2 - 7. Let p(k) = -k**3 + 16*k**2 - 12*k - 39. Let d be p(15). Give t(d).
3
Let c(b) be the first derivative of b**3/3 - 5*b**2/2 + 3*b + 1. Suppose 5*z = -4*j + 22, -2*j - 3*j + 15 = 0. What is c(z)?
-3
Let t = 4 + -4. Let k(f) = 4*f**3 + 2*f**2 + f + 16. Let c(s) = -5*s**3 - 3*s**2 - s - 17. Let p(m) = 3*c(m) + 4*k(m)